 the thousands digit of 507435057?
5
What is the millions digit of 72311712?
2
What is the hundreds digit of 2972562454?
4
What is the hundred thousands digit of 198186139?
1
What is the units digit of 49592786?
6
What is the ten thousands digit of 451740623?
4
What is the hundreds digit of 450610242?
2
What is the millions digit of 85351518?
5
What is the hundred thousands digit of 37156164?
1
What is the ten thousands digit of 150030187?
3
What is the thousands digit of 130309089?
9
What is the ten thousands digit of 187139882?
3
What is the ten millions digit of 29943785?
2
What is the hundred thousands digit of 374706123?
7
What is the thousands digit of 20700209?
0
What is the ten thousands digit of 655814728?
1
What is the hundred millions digit of 136333097?
1
What is the millions digit of 188396734?
8
What is the ten thousands digit of 696271007?
7
What is the thousands digit of 229531822?
1
What is the thousands digit of 950015018?
5
What is the ten thousands digit of 343406816?
0
What is the units digit of 47432305?
5
What is the hundreds digit of 585433016?
0
What is the units digit of 239814148?
8
What is the thousands digit of 392015692?
5
What is the tens digit of 937209219?
1
What is the ten millions digit of 462338874?
6
What is the units digit of 5800753?
3
What is the tens digit of 439311913?
1
What is the ten thousands digit of 802384210?
8
What is the millions digit of 480481230?
0
What is the ten millions digit of 337871818?
3
What is the hundreds digit of 495054719?
7
What is the tens digit of 23293093?
9
What is the units digit of 74041323?
3
What is the hundred thousands digit of 24722160?
7
What is the tens digit of 182613927?
2
What is the ten thousands digit of 406887295?
8
What is the ten millions digit of 1340035002?
4
What is the hundreds digit of 38272501?
5
What is the hundred millions digit of 4832638757?
8
What is the ten thousands digit of 3694931230?
3
What is the hundred thousands digit of 113370321?
3
What is the hundred millions digit of 141346672?
1
What is the hundred thousands digit of 54593565?
5
What is the hundred thousands digit of 17172819?
1
What is the ten thousands digit of 209013420?
1
What is the units digit of 50943458?
8
What is the tens digit of 755878178?
7
What is the ten millions digit of 32722331?
3
What is the ten millions digit of 460236328?
6
What is the tens digit of 345158932?
3
What is the hundred thousands digit of 48605063?
6
What is the hundreds digit of 71306375?
3
What is the hundreds digit of 2710617473?
4
What is the hundred thousands digit of 753881244?
8
What is the millions digit of 682984035?
2
What is the units digit of 970925780?
0
What is the ten millions digit of 835134350?
3
What is the hundred thousands digit of 120566858?
5
What is the hundreds digit of 672423642?
6
What is the ten millions digit of 10788925?
1
What is the thousands digit of 3424712?
4
What is the tens digit of 57686024?
2
What is the ten thousands digit of 491511088?
1
What is the hundreds digit of 2699112430?
4
What is the units digit of 2315756385?
5
What is the units digit of 4307090572?
2
What is the ten thousands digit of 136618913?
1
What is the tens digit of 27211998?
9
What is the hundreds digit of 2620561814?
8
What is the thousands digit of 3124339666?
9
What is the hundred thousands digit of 196697829?
6
What is the ten thousands digit of 1731364809?
6
What is the millions digit of 26985779?
6
What is the ten millions digit of 2398190094?
9
What is the ten thousands digit of 1974920038?
2
What is the hundred thousands digit of 755667360?
6
What is the hundreds digit of 273046903?
9
What is the ten millions digit of 977833177?
7
What is the ten thousands digit of 129157700?
5
What is the hundred millions digit of 184317909?
1
What is the thousands digit of 162888607?
8
What is the hundred thousands digit of 6470958863?
9
What is the thousands digit of 858616185?
6
What is the ten thousands digit of 3744488089?
8
What is the hundred millions digit of 2972713628?
9
What is the millions digit of 383719703?
3
What is the ten millions digit of 5521294317?
2
What is the hundreds digit of 25866260?
2
What is the ten thousands digit of 43103212?
0
What is the hundred thousands digit of 98359185?
3
What is the millions digit of 828084788?
8
What is the thousands digit of 212226469?
6
What is the ten millions digit of 407371029?
0
What is the hundreds digit of 262002676?
6
What is the hundreds digit of 2114024592?
5
What is the units digit of 50517710?
0
What is the millions digit of 627572342?
7
What is the millions digit of 1308902652?
8
What is the thousands digit of 85323606?
3
What is the thousands digit of 380494716?
4
What is the ten thousands digit of 11727691?
2
What is the ten millions digit of 296602975?
9
What is the ten thousands digit of 55503253?
0
What is the hundred thousands digit of 219745243?
7
What is the hundred millions digit of 2085218990?
0
What is the millions digit of 2934148094?
4
What is the millions digit of 184804050?
4
What is the hundreds digit of 158352393?
3
What is the hundred thousands digit of 150552216?
5
What is the thousands digit of 2875962141?
2
What is the thousands digit of 175587712?
7
What is the millions digit of 1568003?
1
What is the tens digit of 2402663407?
0
What is the units digit of 235060015?
5
What is the millions digit of 151101872?
1
What is the hundred millions digit of 287940148?
2
What is the tens digit of 3189679654?
5
What is the hundreds digit of 22121443?
4
What is the tens digit of 2691801970?
7
What is the units digit of 58008430?
0
What is the hundreds digit of 45652415?
4
What is the tens digit of 191211866?
6
What is the millions digit of 151807976?
1
What is the thousands digit of 1056738515?
8
What is the hundred thousands digit of 67653213?
6
What is the hundred thousands digit of 4044703105?
7
What is the hundred millions digit of 113612387?
1
What is the tens digit of 257894834?
3
What is the ten millions digit of 1454085781?
5
What is the ten millions digit of 23492625?
2
What is the tens digit of 515003600?
0
What is the units digit of 37523247?
7
What is the ten thousands digit of 62708223?
0
What is the thousands digit of 1402875006?
5
What is the hundred thousands digit of 688786935?
7
What is the ten millions digit of 31956174?
3
What is the hundreds digit of 920500151?
1
What is the hundred millions digit of 266962829?
2
What is the ten millions digit of 297066492?
9
What is the hundreds digit of 2399122126?
1
What is the hundred millions digit of 1547781665?
5
What is the hundred thousands digit of 7486733934?
7
What is the ten millions digit of 103339951?
0
What is the ten thousands digit of 376675685?
7
What is the thousands digit of 2129196604?
6
What is the ten millions digit of 2586412276?
8
What is the ten millions digit of 244255807?
4
What is the hundreds digit of 462576744?
7
What is the millions digit of 117337615?
7
What is the ten millions digit of 74692707?
7
What is the hundreds digit of 3844471669?
6
What is the millions digit of 112557613?
2
What is the units digit of 230246819?
9
What is the thousands digit of 31672991?
2
What is the ten thousands digit of 5513351542?
5
What is the ten millions digit of 21395427?
2
What is the tens digit of 75529576?
7
What is the millions digit of 25788922?
5
What is the tens digit of 52952844?
4
What is the millions digit of 6630374674?
0
What is the hundreds digit of 99397274?
2
What is the millions digit of 1078032381?
8
What is the hundred thousands digit of 1214465574?
4
What is the ten thousands digit of 4949704879?
0
What is the ten thousands digit of 419901994?
0
What is the units digit of 493692226?
6
What is the hundreds digit of 8989328657?
6
What is the hundred thousands digit of 634559095?
5
What is the billions digit of 4979145994?
4
What is the ten thousands digit of 80858448?
5
What is the thousands digit of 7984817848?
7
What is the millions digit of 28036560?
8
What is the millions digit of 393861650?
3
What is the tens digit of 4871049814?
1
What is the hundreds digit of 475746478?
4
What is the tens digit of 2434581981?
8
What is the units digit of 118762469?
9
What is the hundred millions digit of 557192886?
5
What is the tens digit of